= -f**3 - 12*f**2 + 12*f - 14. Calculate j(-13).
-1
Let j(t) = -4*t**2 - 89*t - 93. Give j(-21).
12
Let i(a) = -a**2 + 12*a + 4. Give i(10).
24
Let d(w) = -14*w + 8. Give d(-5).
78
Let h(k) = -4*k - 8. Calculate h(-4).
8
Let x(d) = 60*d - 1614. What is x(27)?
6
Let d(c) = -c**2 + 4. Give d(0).
4
Let q(p) = p**3 + 16*p**2 - 17*p + 16. Determine q(-17).
16
Let j(n) = -2*n**2 + n + 3. Calculate j(3).
-12
Let k(z) = -z**2 + 19*z - 24. What is k(19)?
-24
Let u(v) = v**3 - 25*v**2 + 24*v + 2. What is u(24)?
2
Let l(n) = 5*n + 12. Determine l(1).
17
Let z(p) = 4*p**2 - 2*p - 9. What is z(-4)?
63
Let x(p) = -3*p - 17. Give x(-9).
10
Let o(y) = -y - 14. What is o(-10)?
-4
Let u(d) = -d**2 - 3*d + 6. Calculate u(5).
-34
Let n(r) = -r**3 + 8*r**2 - 5*r + 24. What is n(8)?
-16
Let q(k) = -4*k - 24. Calculate q(-9).
12
Let s(u) = -6*u**2 + 22*u - 3. Calculate s(2).
17
Let q(l) = -l**2 - 9*l + 2. Calculate q(-10).
-8
Let w(i) = -38*i**2 - 836*i - 8. Give w(-22).
-8
Let c(o) = 5*o - 2. Determine c(2).
8
Let w(n) = -27*n. Give w(-2).
54
Let u(f) = f**2 - f - 30. What is u(4)?
-18
Let a(f) = 21*f - 7. What is a(-5)?
-112
Let c(g) = -g**3 + 5*g**2 + 27*g - 118. Calculate c(6).
8
Let v(l) = l**3 - 4*l**2 - 5*l + 9. Give v(5).
9
Let p(x) = x**3 + x - 6. Determine p(0).
-6
Let m(u) = -7*u - 19. What is m(-6)?
23
Let d(w) = -w**3 + 10*w**2 + 3*w - 25. What is d(10)?
5
Let p(a) = a**3 + 11*a**2 + 9*a + 3. What is p(-10)?
13
Let i(o) = 2*o**3 + 17*o**2 + 10*o + 2. Determine i(-8).
-14
Let u(a) = -a**2 - 10*a. What is u(-8)?
16
Let z(v) = 5*v - 21. Determine z(4).
-1
Let p(z) = z**2 + 12*z + 14. Calculate p(-10).
-6
Let g(w) = 2*w**3 - 12*w**2 - 10*w + 15. Calculate g(6).
-45
Let l(h) = h**3 - 2*h**2 - 19*h - 18. What is l(6)?
12
Let z(u) = -13*u**2. Give z(1).
-13
Let w(m) = -m**2 + 10*m + 5. Calculate w(12).
-19
Let s(g) = 4*g - 41. Determine s(11).
3
Let j(w) = -w**2 - 24*w - 18. What is j(-25)?
-43
Let b(s) = -2*s**2 + 15*s - 9. Calculate b(6).
9
Let o(l) = -l + 5. Determine o(0).
5
Let r(o) = 35*o + 758. Determine r(-22).
-12
Let u(g) = g**2 + 6*g - 16. Determine u(-8).
0
Let w(v) = -v**2 + 28*v + 133. Calculate w(32).
5
Let z(t) = 8*t**2 - 2. Determine z(1).
6
Let q(a) = a**2 - 4*a - 4. Determine q(-3).
17
Let q(c) = c**2 + 15*c + 39. Determine q(-11).
-5
Let a(z) = -2*z**3 + 7*z**2 + 2*z - 12. Give a(3).
3
Let v(k) = -k**2 + 135. Determine v(-10).
35
Let a(c) = -c**2 + 11*c + 6. What is a(11)?
6
Let b(x) = x**3 - 8*x**2 + 15*x - 11. Give b(5).
-11
Let p(d) = d**3 - 5*d**2 + 5*d - 8. Calculate p(4).
-4
Let b(l) = -11*l - 3. Calculate b(1).
-14
Let s(o) = o**2 - 6*o - 8. What is s(-2)?
8
Let t(u) = -3*u**2 + 19*u + 42. Calculate t(8).
2
Let c(l) = -15*l**2 - 76*l + 1. Calculate c(-5).
6
Let q(r) = 9*r + 154. Give q(-16).
10
Let p(o) = o**3 + 4*o**2 + 2. Determine p(-2).
10
Let h(p) = -112*p**3 - p**2 + 3*p + 5. Calculate h(-1).
113
Let q(y) = -2*y**2 - 18*y - 4. Give q(-7).
24
Let h(t) = -t**2 + 3*t - 3. What is h(-3)?
-21
Let z(g) = -g**3 - 12*g**2 - 9*g - 2. What is z(-11)?
-24
Let r(z) = -z**2 - 2*z + 73. What is r(-8)?
25
Let j(u) = -3*u**2 - 20*u - 7. Determine j(-6).
5
Let r(j) = 3*j + 19. Calculate r(-8).
-5
Let c(u) = -u**2 - 3*u + 63. Give c(5).
23
Let c(l) = l**2 + 8*l + 4. Give c(-4).
-12
Let g(u) = -153*u**3 + u**2 + 2*u + 1. Calculate g(-1).
153
Let i(h) = 6*h**2 + 3*h - 6. Determine i(-3).
39
Let t(p) = 24*p**3 + p. Calculate t(1).
25
Let h(j) = j**3 + 15*j**2 - j - 17. Determine h(-15).
-2
Let i(r) = r**3 - 15*r**2 + 16*r + 6. Calculate i(13).
-124
Let q(h) = h**3 - 14*h**2 - 17*h + 23. Give q(15).
-7
Let n(c) = -c**2 + 10*c + 21. What is n(13)?
-18
Let d(z) = -4*z - 24. Calculate d(-7).
4
Let k(v) = -4*v**3 - 37*v**2 - 9*v - 4. Calculate k(-9).
-4
Let a(q) = -q**2 + 6*q + 5. Give a(7).
-2
Let k(i) = -i**3 + 10*i**2 - 14. Calculate k(10).
-14
Let q(i) = i**2 + 25*i - 7. Calculate q(-25).
-7
Let m(p) = -4*p - 32. Give m(0).
-32
Let t(l) = -4*l - 23. Calculate t(-3).
-11
Let q(c) = -c**3 - 16*c**2 - 14*c + 8. Determine q(-15).
-7
Let r(b) = b**3 - 6*b**2 - 16*b + 5. What is r(8)?
5
Let y(n) = -2*n**2 + 36*n + 3. Calculate y(15).
93
Let b(r) = r**3 - 9*r**2 - 12*r - 14. What is b(10)?
-34
Let k(l) = 3*l + 39. Calculate k(-4).
27
Let d(v) = -v**3 - v**2 - 23*v - 79. What is d(-3)?
8
Let c(b) = -6*b + 37. What is c(6)?
1
Let a(z) = -z**3 + 11*z - 2. Calculate a(-3).
-8
Let y(d) = -6*d**2 - 16*d + 55. Determine y(3).
-47
Let h(j) = -j**3 + 2*j**2 - j + 2. What is h(2)?
0
Let a(y) = y**3 - 9*y**2 - 10*y - 5. Determine a(10).
-5
Let v(u) = -34*u**2 + 101*u + 9. What is v(3)?
6
Let r(t) = 2*t - 5. Give r(-5).
-15
Let j(z) = z**2 + 15*z + 9. What is j(-9)?
-45
Let q(f) = -f**3 - 10*f**2 + 9*f. Determine q(-11).
22
Let q(s) = -12*s + 1. Determine q(1).
-11
Let n(r) = -r**2 + r + 2. Give n(4).
-10
Let g(u) = u**3 + 7*u**2 + 6*u + 15. What is g(-6)?
15
Let c(r) = 9*r**2 - 2. Determine c(1).
7
Let u(n) = -n**3 + 6*n**2 - 10*n + 21. What is u(3)?
18
Let f(m) = -m**2 - 16*m + 71. What is f(4)?
-9
Let y(z) = 9*z - 83. Determine y(8).
-11
Let p(j) = 4*j**2 - 5*j + 9. Give p(4).
53
Let h(z) = 10*z + 1. Give h(-3).
-29
Let m(i) = -i**2 + 9. What is m(4)?
-7
Let q(w) = w**3 + 6*w**2 + 8*w + 2. What is q(-4)?
2
Let z(q) = -71*q - 504. Calculate z(-7).
-7
Let f(g) = -6*g**2 - 32*g - 9. Determine f(-5).
1
Let x(q) = 4*q - 24. Determine x(6).
0
Let d(a) = -a**2 - 7*a + 82. Determine d(-13).
4
Let w(j) = -6*j - 10. Calculate w(-9).
44
Let v(d) = -d**2 + 2*d + 15. Calculate v(6).
-9
Let h(n) = -2*n**3 - 13*n**2 - 19*n. Determine h(-4).
-4
Let c(x) = x**3 - 3*x**2 - 15*x - 16. Give c(7).
75
Let p(n) = n - 34. Give p(25).
-9
Let a(l) = -3*l - 34. Calculate a(-14).
8
Let p(m) = -2*m**2 - 7*m + 19. What is p(2)?
-3
Let h(i) = i**3 - i**2 - i + 6. Calculate h(0).
6
Let d(g) = -g**2 + 11*g - 5. Give d(11).
-5
Let d(k) = 8*k**3 - k. Calculate d(1).
7
Let f(d) = 3*d**2 - 24*d - 1. Determine f(8).
-1
Let r(h) = 3*h + 6. What is r(-6)?
-12
Let j(k) = k**3 + 6*k**2 - 15*k + 9. What is j(-8)?
1
Let u(a) = 3*a - 43. Determine u(13).
-4
Let y(o) = o**3 + 8*o**2 - o + 4. Give y(-8).
12
Let o(i) = 4*i**2 + 2*i - 8. What is o(2)?
12
Let m(w) = -11*w - 62. Give m(-10).
48
Let h(j) = 6*j**3 - 1. Calculate h(-2).
-49
Let r(g) = 2*g**3 - 4*g**2 - 4*g - 3. Determine r(-2).
-27
Let h(x) = x**3 - 5*x**2 - 13*x + 23. Calculate h(7).
30
Let q(r) = 9*r - 38. What is q(4)?
-2
Let f(s) = 2*s - 12. Give f(6).
0
Let w(h) = 3*h. What is w(6)?
18
Let q(o) = o**2 - 16*o + 13. Determine q(14).
-15
Let g(j) = 5*j**2 + 6*j + 39. What is g(-5)?
134
Let b(u) = u**2 + 10*u - 13. What is b(-11)?
-2
Let k(v) = v**3 + 8*v**2 - 2*v - 26. What is k(-8)?
-10
Let n(v) = -v**3 - 4*v**2 - 7*v - 4. Give n(-4).
24
Let m(k) = 33*k - 69. Determine m(2).
-3
Let o(q) = -q**2 + 10*q + 31. Calculate o(-2).
7
Let s(w) = -3*w - 27. Calculate s(-11).
6
Let x(d) = -d**2 - 17*d - 9. What is x(-16)?
7
Let p(j) = 3*j + 1. Calculate p(-7).
-20
Let o(n) = 2*n**2 - 142*n + 137. What is o(70)?
-3
Let h(j) = 3*j - 34. Calculate h(12).
2
Let a(q) = -2*q**2 + 22*q - 36. Calculate a(12).
-60
Let v(j) = -j**3 + 64*j**2 - 63*j + 6. Give v(63).
6
Let b(q) = -3*q + 6. Calculate b(3).
-3
Let t(g) = 3*g**2 - 4*g - 5. What is t(1)?
-6
Let g(v) = -v**2 - 14*v - 44. Give g(-11).
-11
Let d(y) = -2*y**2 + 5*y - 4. Calculate d(1).
-1
Let k(s) = -s**2 - 43*s - 217. What is k(-6)?
5
Let r(h) = h**3 - 10*h**2 + 8*h - 11. What is r(7)?
-102
Let v(s) = -11*s - 74. What is v(-7)?
3
Let w(u) = u**3 - 7*u**2 - 7*u + 7. Calculate w(8).
15
Let c(w) = -w**3 + 12*w**2 - 1. Calculate c(12).
-1
Let i(p) = -p**2 - 18*p + 7. Give i(-19).
-12
Let r(a) = -4*a - 9. Give r(0).
-9
Let q(f) = 3*f**2 - 6*f + 1. Determine q(4).
25
Let c(v) = 2*v**3 + 11*v**2 - 5*v + 4. What is c(-6)?
-2
Let z(a) = -a**3 - 5*a**2 + 11*a. Determine z(-6).
-30
Let o(z) = 2*z**2 + 19*z - 57. Calculate o(-12).
3
Let t(m) = -10*m - 121. Give t(-12).
-1
Let r(o) = -o**2 + 9*o + 9. What is r(8)?
17
Let i(d) = -30*d - 421. What is i(-14)?
-1
Let w(q) = q**3 - 17*q**2 - 60*q - 18. Calculate w(20).
-18
Let g(w) = 5*w + 59. Determine g(-12).
-1
Let b(q) = 5*q**2 - 211*q + 33. What is b(42)?
-9
Let z(y) = 11*y**3 - 2*y**2 + 2*y + 3. Determine z(-1).
-12
Let v(g) = -g**3 + 8*g**2 + 3*g + 64. Determine v(10